9a5 (base 13) in base 16?
17a2
Convert -100001111011000 (base 2) to base 12.
-a074
What is 428 (base 12) in base 16?
260
What is 31333 (base 8) in base 13?
5c06
What is 100000011011100 (base 2) in base 10?
16604
1242215 (base 6) to base 14
1aa67
12402 (base 5) to base 2
1111010001
What is 4130104 (base 5) in base 9?
112562
What is -111000110001011 (base 2) in base 11?
-1a925
What is 104656 (base 7) in base 14?
6a66
Convert -5054 (base 10) to base 9.
-6835
2120012 (base 3) to base 12
10b8
Convert 1f3 (base 16) to base 10.
499
-1010011111110101 (base 2) to base 10
-42997
Convert -11703 (base 8) to base 3.
-20221101
403 (base 13) to base 15
304
Convert b56 (base 15) to base 11.
1a14
-772 (base 9) to base 12
-448
-7508 (base 10) to base 6
-54432
What is 20332 (base 8) in base 6?
102534
Convert 41c4 (base 13) to base 10.
9117
Convert -1000001101 (base 2) to base 15.
-250
What is 18c23 (base 13) in base 9?
73088
What is 8470 (base 14) in base 16?
5932
-1112021 (base 3) to base 13
-679
Convert -1852 (base 10) to base 4.
-130330
Convert -11573 (base 9) to base 10.
-7761
Convert -1010111100 (base 2) to base 10.
-700
What is -2311 (base 7) in base 6?
-3521
What is 114 (base 13) in base 8?
272
Convert 1024 (base 7) to base 9.
441
293 (base 14) to base 2
1000001001
10121010 (base 3) to base 11
1a74
20341 (base 12) to base 14
11409
Convert 4a2 (base 11) to base 15.
29b
Convert 37720 (base 12) to base 13.
283a1
Convert 68 (base 13) to base 9.
105
What is 1201110011 (base 3) in base 8?
102106
-1157 (base 9) to base 14
-458
What is 3021 (base 5) in base 14?
1d8
What is e5 (base 15) in base 14?
115
What is 10222303 (base 4) in base 8?
45263
Convert 6153 (base 10) to base 16.
1809
Convert -49 (base 16) to base 3.
-2201
What is 17163 (base 8) in base 10?
7795
-2b575 (base 12) to base 13
-21b87
Convert 10001110010010 (base 2) to base 6.
110054
What is 1428 (base 12) in base 3?
10012112
Convert 55c (base 14) to base 5.
13222
Convert 12542 (base 6) to base 10.
1934
Convert -545 (base 14) to base 3.
-1102120
What is 27 (base 8) in base 12?
1b
Convert -2248 (base 16) to base 13.
-3cc1
What is -3a6 (base 15) in base 12?
-593
75254 (base 9) to base 15
eb3d
Convert -5637 (base 9) to base 14.
-1737
-440 (base 8) to base 11
-242
Convert 151a (base 15) to base 10.
4525
Convert -54c (base 16) to base 14.
-6cc
-34 (base 6) to base 12
-1a
104110 (base 5) to base 7
13441
-1a34 (base 13) to base 5
-111210
3684 (base 16) to base 7
55455
-43da (base 15) to base 3
-201201121
23003 (base 4) to base 8
1303
Convert 675 (base 13) to base 10.
1110
Convert -7226 (base 8) to base 14.
-150a
Convert -4263 (base 10) to base 11.
-3226
Convert 441001 (base 5) to base 14.
5726
Convert 1001000111 (base 2) to base 7.
1462
1001110011 (base 2) to base 16
273
Convert -10531 (base 6) to base 3.
-2001101
Convert 102003 (base 4) to base 15.
520
What is -5235 (base 7) in base 11?
-1422
What is 21042 (base 7) in base 8?
12067
Convert -65263 (base 7) to base 6.
-203144
85 (base 13) to base 11
9a
What is -44452 (base 6) in base 7?
-24101
What is 11652 (base 9) in base 6?
100115
Convert 34 (base 6) to base 5.
42
What is 9b7 (base 13) in base 15?
766
Convert -1460 (base 16) to base 7.
-21131
What is 21725 (base 13) in base 16?
ec75
Convert 2613 (base 13) to base 5.
133144
ce1 (base 15) to base 9
3884
What is -2348 (base 9) in base 2?
-11011010001
-1000 (base 2) to base 5
-13
Convert -11223 (base 6) to base 12.
-b13
What is -61ab (base 12) in base 13?
-4ac9
-a96c (base 13) to base 11
-16798
-221221101 (base 3) to base 12
-ab3a
Convert -1001011000 (base 2) to base 11.
-4a6
Convert 538 (base 9) to base 11.
370
Convert -102044 (base 5) to base 12.
-1b73
Convert -111100011 (base 2) to base 3.
-122220
1537 (base 8) to base 9
1158
What is 3324 (base 7) in base 11?
996
Convert 231534 (base 7) to base 12.
1bb86
What is -49a (base 15) in base 9?
-1381
-234 (base 9) to base 12
-141
d23 (base 14) to base 9
3475
Convert 1a9 (base 11) to base 4.
3300
What is c5b (base 16) in base 12?
19b7
1110101010011 (base 2) to base 15
2357
What is 4710 (base 10) in base 16?
1266
13d2 (base 14) to base 5
103031
Convert -a428 (base 15) to base 2.
-1000011110000000
What is -5630 (base 8) in base 9?
-4057
-210110 (base 3) to base 10
-579
100110 (base 2) to base 10
38
20723 (base 8) to base 7
34150
Convert 143d (base 14) to base 3.
11220201
Convert d7aa (base 14) to base 15.
b049
-1121111 (base 3) to base 8
-2226
4b6 (base 12) to base 13
42c
Convert -48b5 (base 13) to base 7.
-41665
Convert -113041 (base 6) to base 14.
-37a1
121231 (base 4) to base 10
1645
What is 10000010000110 (base 2) in base 3?
102102101
What is -36164 (base 7) in base 4?
-2102030
b7 (base 14) to base 10
161
What is -165 (base 12) in base 7?
-434
1000001011110 (base 2) to base 15
1395
Convert -813 (base 14) to base 13.
-94c
4415 (base 9) to base 10
3254
-37504 (base 8) to base 16
-3f44
Convert -16 (base 9) to base 5.
-30
Convert -4d5d (base 14) to base 7.
-54446
-10022102121 (base 3) to base 8
-177252
Convert 1922 (base 12) to base 5.
44200
Convert -101210 (base 3) to base 11.
-245
-8b (base 14) to base 3
-11120
What is -4ea (base 16) in base 5?
-20013
-404 (base 11) to base 12
-348
What is -b2b (base 12) in base 14?
-839
Convert 1110000101 (base 2) to base 16.
385
What is 744 (base 15) in base 16?
667
What is 27d8 (base 14) in base 2?
1101110001010
What is -bb1c (base 15) in base 2?
-1001101011001011
1821 (base 10) to base 16
71d
Convert 322 (base 11) to base 12.
283
-502 (base 12) to base 11
-5a7
622 (base 10) to base 2
1001101110
What is -1115 (base 6) in base 10?
-263
Convert -d6 (base 14) to base 8.
-274
Convert 108061 (base 9) to base 15.
14391
What is 1001010 (base 2) in base 11?
68
What is 20041 (base 9) in base 13?
5cb3
What is -47734 (base 8) in base 14?
-7644
-821 (base 13) to base 10
-1379
What is -8212 (base 13) in base 8?
-43011
What is -573 (base 8) in base 10?
-379
166a (base 13) to base 14
12b9
What is 460231 (base 7) in base 14?
21b18
-4406 (base 7) to base 6
-11142
What is 5b1 (base 15) in base 11?
a74
21021 (base 9) to base 11
a46a
What is 102551 (base 6) in base 5?
232134
What is 22021222 (base 3) in base 11?
45a8
Convert 6017 (base 8) to base 5.
44322
Convert 10077 (base 9) to base 14.
25b9
What is 443 (base 13) in base 10?
731
Convert -937 (base 16) to base 3.
-10020101
Convert 52505 (base 9) to base 8.
103561
Convert 3044 (base 5) to base 12.
293
-e79 (base 15) to base 8
-6300
What is 111110111001 (base 2) in base 5?
112100
What is -1051 (base 11) in base 6?
-10231
What is -5436 (base 8) in base 4?
-230132
What is 11435 (base 7) in base 11?
2257
Convert -112 (base 15) to base 2.
-11110010
Convert 998 (base 10) to base 5.
12443
Convert 1477 (base 11) to base 2.
11101101011
What is -16496 (base 10) in base 6?
-204212
-224 (base 8) to base 9
-174
What is -110420 (base 5) in base 9?
-5258
-7611 (base 9) to base 3
-21200101
132334 (base 5) to base 2
1010011100000
What is 32c (base 16) in base 9?
1102
What is -340 (base 8) in base 13?
-143
Convert -367 (base 13) to base 8.
-1120
2 (base 16) to base 14
2
Convert -2020 (base 4) to base 14.
-9a
-17 (base 10) to base 16
-11
What is 31403 (base 5) in base 11?
1642
6a0a (base 11) to base 7
35561
What is 388 (base 10) in base 15?
1ad
-103231 (base 6) to base 9
-12611
10b6 (base 13) to base 14
bd8
Convert 1369 (base 15) to base 3.
12200200
Convert -1114204 (base 5) to base 11.
-13a78
What is -1978 (base 10) in base 8?
-3672
Convert -12032 (base 4) to base 2.
-110001110
Convert 10424 (base 5) to base 3.
1000101
What is -340122 (base 6) in base 2?
-110111110010010
What is -76a9 (base 12) in base 8?
-31441
What is -112652 (base 8) in base 15?
-b544
Convert -324 (base 10) to base 4.
-11010
Convert -4432 (base 13) to base 5.
-301010
Convert -15b (base 14) to base 8.
-425
What is 120131 (base 4) in base 5?
22230
What is -4747 (base 9) in base 11?
-2716
What is -10979 (base 11) in base 3?
-210200210
Convert -13286 (base 9) to base 4.
-2030130
a146 (base 12) to base 2
100010001000110
What is 102220 (base 3) in base 6?
1253
Convert -e58d (base 15) to base 7.
-261265
What is 11 (base 2) in base 11?
3
What is -4139 (base 10) in base 13?
-1b65
What is 463 (base 11) in base 13?
337
1000100010000 (base 2) to base 15
